e 13, what is -165 + 136a?
1205
In base 15, what is 36 - ab7?
-a81
In base 7, what is 5 + 536323?
536331
In base 13, what is -a0 - -57?
-46
In base 12, what is -49b - 11?
-4b0
In base 13, what is 68c4 - 14a?
6777
In base 6, what is 2445 + -454?
1551
In base 10, what is -512 - 244?
-756
In base 5, what is -1 - -244014?
244013
In base 16, what is -3 + 4602?
45ff
In base 14, what is 1ad5 + -45?
1a90
In base 14, what is -53a + 1?
-539
In base 10, what is -501924 - 1?
-501925
In base 16, what is -1 + 8da4?
8da3
In base 8, what is 44703 - 42?
44641
In base 5, what is 4413 + 2?
4420
In base 15, what is d0570 + 0?
d0570
In base 4, what is 202203031 - 11?
202203020
In base 5, what is 204242 - 11230?
143012
In base 6, what is 11 + 12103?
12114
In base 10, what is 26092 + -3?
26089
In base 15, what is -50b1 - 8?
-50b9
In base 16, what is 17 + -14a?
-133
In base 15, what is b4 + -39?
7a
In base 8, what is 11 + 100110?
100121
In base 10, what is -192 - 25?
-217
In base 4, what is 1 - -3101033130?
3101033131
In base 6, what is 125 + 2331?
2500
In base 10, what is 2938937 - -1?
2938938
In base 15, what is -33a27 + -6?
-33a2d
In base 8, what is 230 + 660?
1110
In base 8, what is 716766 + -3?
716763
In base 2, what is -1010001000010001 - 0?
-1010001000010001
In base 12, what is -1 - -3304a?
33049
In base 7, what is 3 + -1305536?
-1305533
In base 14, what is -1 - -230359?
230358
In base 8, what is -51 + 13070?
13017
In base 11, what is -127 - -139?
12
In base 13, what is -4 + -30bcc?
-30c03
In base 2, what is -111111110101000 + -100?
-111111110101100
In base 14, what is -2b9d8 + 19?
-2b9bd
In base 8, what is 33156 + 6?
33164
In base 9, what is 1022 - -100?
1122
In base 10, what is -25 + -32416?
-32441
In base 2, what is 101000011101010 - -1011?
101000011110101
In base 2, what is -1110011000001101 + 110?
-1110011000000111
In base 2, what is 100 + 110001101010010?
110001101010110
In base 12, what is 1505 + 4?
1509
In base 8, what is 363 + -3127?
-2544
In base 10, what is 4719 - 659?
4060
In base 5, what is -142 + -333431?
-334123
In base 9, what is 317203 - -3?
317206
In base 9, what is 73015 - 3?
73012
In base 16, what is -5 - -1210?
120b
In base 15, what is -970e + 2?
-970c
In base 5, what is -2 - -303443?
303441
In base 9, what is -10 - -3122?
3112
In base 12, what is b - 1053?
-1044
In base 5, what is 213243 + 20?
213313
In base 3, what is 20 - 2220021120?
-2220021100
In base 14, what is -2 + -5626?
-5628
In base 16, what is -112 - -65?
-ad
In base 3, what is -1002022110 + 21?
-1002022012
In base 12, what is 8a + -4a62?
-4994
In base 14, what is 2260 - 5b?
2203
In base 6, what is 130143 + 10?
130153
In base 8, what is 5 + 321743?
321750
In base 7, what is 54563 + 32?
54625
In base 16, what is -2b - -1b9?
18e
In base 16, what is -ab66 + -67?
-abcd
In base 13, what is -5c39 - -9?
-5c30
In base 7, what is 316 - -1061?
1410
In base 12, what is 47444 - 25?
4741b
In base 13, what is 4 - -22259?
22260
In base 3, what is -1200 - -221112?
212212
In base 14, what is 196c - -d?
197b
In base 10, what is 190 - -19330?
19520
In base 15, what is -322 - 2e?
-351
In base 10, what is -1 + -623625?
-623626
In base 6, what is 0 + -510300?
-510300
In base 4, what is 121232122 - -20?
121232202
In base 5, what is 1301310 + -10?
1301300
In base 5, what is -21440 + 3033?
-13402
In base 7, what is 13 + -44260?
-44244
In base 9, what is 427 + -3?
424
In base 9, what is 3516 - -3?
3520
In base 2, what is -101101111101001 + 101100?
-101101110111101
In base 9, what is 260 - -211?
471
In base 5, what is 303 + -112210?
-111402
In base 11, what is -36 - -2110?
2085
In base 14, what is 6 - 1249d9?
-1249d3
In base 7, what is -13430 + 33?
-13364
In base 15, what is 14 + 44a?
45e
In base 14, what is 7 - -5bdb?
5c04
In base 2, what is -11101 - 1000001010100001?
-1000001010111110
In base 2, what is -110101011100110 - 1001111?
-110101100110101
In base 16, what is -6bf - 47?
-706
In base 3, what is -1200212 - 221012?
-2122001
In base 14, what is 4d35 + -2?
4d33
In base 13, what is -5c72 - -4?
-5c6b
In base 9, what is -15813 + 27?
-15775
In base 12, what is -5 - -28a70?
28a67
In base 10, what is -4 + 3907?
3903
In base 12, what is -391 + 2b7?
-96
In base 4, what is -111012 - -232321?
121303
In base 12, what is -34 - -315?
2a1
In base 11, what is -184 - 559?
-732
In base 5, what is 12 - -11100?
11112
In base 2, what is 11011010111 - -11010110?
11110101101
In base 2, what is -100 + -11000101001111110001?
-11000101001111110101
In base 7, what is 1544 - -352?
2226
In base 10, what is 5606 - 5?
5601
In base 10, what is -99464 + -4?
-99468
In base 4, what is -12113 + 113312?
101133
In base 16, what is 3a1 - -1c0?
561
In base 11, what is -344 - -33a?
-5
In base 14, what is -53c + -73?
-5b1
In base 16, what is 3b + -1541?
-1506
In base 4, what is 2 - 11303112?
-11303110
In base 3, what is -12 - 2022000?
-2022012
In base 11, what is 7 + -262?
-256
In base 4, what is 121 - 23033?
-22312
In base 4, what is 22 + 3111320?
3112002
In base 3, what is -20 - -1121111010?
1121110220
In base 8, what is -1113 - 311?
-1424
In base 15, what is -30105 + 2?
-30103
In base 16, what is -6 + 2d2ad?
2d2a7
In base 14, what is -107 - -2235?
212c
In base 15, what is -2 - -4c0d?
4c0b
In base 15, what is 60 + -e1?
-81
In base 14, what is 8127 + -1a?
810b
In base 7, what is -11366 + -53?
-11452
In base 9, what is 14421 - 7?
14413
In base 16, what is -6 - 25ae?
-25b4
In base 8, what is -541 - -46?
-473
In base 7, what is -1564 + 41?
-1523
In base 5, what is -24 + -3303?
-3332
In base 12, what is 245037 + 3?
24503a
In base 14, what is 9 - a52?
-a47
In base 9, what is 727152 + -4?
727147
In base 4, what is -311 - 11221?
-12132
In base 9, what is 880 - -15423?
16413
In base 7, what is -30663 + -10?
-31003
In base 6, what is -444545 - -33?
-444512
In base 11, what is 30070 - -5?
30075
In base 3, what is -2212111000 + 100?
-2212110200
In base 14, what is b6 - 92?
24
In base 12, what is -164b88 + 1?
-164b87
In base 14, what is 37065 - -6?
3706b
In base 6, what is 5133 - 2?
5131
In base 11, what is -550188 - 0?
-550188
In base 10, what is -9 - 414?
-423
In base 7, what is -42 - 621?
-663
In base 15, what is 0 - 2186?
-2186
In base 12, what is -4 - 32b3?
-32b7
In base 16, what is -17edb + 0?
-17edb
In base 14, what is 214b - 20a?
1d41
In base 9, what is 130 - 65436?
-65306
In base 7, what is 121 + 43526?
43650
In base 2, what is 1011101010110 + -1100100?
1011011110010
In base 14, what is 17 + 44?
5b
In base 13, what is 5 + -1b17?
-1b12
In base 6, what is -52311 + 302?
-52005
In base 5, what is 0 - -43222020?
43222020
In base 10, what is -71757 + 32?
-71725
In base 9, what is 56882 + 3?
56885
In base 4, what is 321201023 + 11?
321201100
In base 8, what is 7003660 - -1?
7003661
In base 5, what is 1013341 - -310?
1014201
In base 7, what is 52 + 3444?
3526
In base 7, what is 133534 - 1?
133533
In base 6, what is 1252 + -553?
255
In base 9, what is -223233 - -2?
-223231
In base 2, what is -100110100101100011 + 0?
-100110100101100011
In base 6, what is 1 - 351121?
-351120
In base 11, what is 9248 + -126?
9122
In base 10, what is 85708 - 1?
85707
In base 12, what is -3934a64 + -1?
-3934a65
In base 8, what is -273473 - -2?
-273471
In base 12, what is b70a8 + 4?
b70b0
In base 10, what is 4 - 48659?
-48655
In base 12, what is -790 - 465?
-1035
In base 16, what is 452 + -14a1?
-104f
In base 6, what is 115 - 224?
-105
In base 8, what is 1574 + 5706?
7502
In base 4, what is 10322223 + 0?
10322223
In base 13, what is 2b2b7 - 25?
2b292
In base 12, what is 39 + -97b?
-942
In base 3, what is -1210020021 + 2001?
-1210011020
In base 14, what is -11c + 535?
417
In base 6, what is -24113 + -1?
-24114
In base 3, what is 212 - 1220020?
-1212101
In base 8, what is -11120733 - -5?
-11120726
In base 4, what is 32032 + 10231?
102323
In base 14, what is 4 + 5908?
590c
In base 2, what is -10010100 + -101011111111?
-101110010011
In base 2, what is 100010100010000011 + -100?
100010100001111111
In base 10, what is -3397 + -22?
-3419
In base 13, what is -5 - -3496?
3491
In base 4, what is -122020 - -100?
-121320
In base 13, what is 604639 + 5?
604641
In base 13, what is 3 + 24501a?
245020
In base 7, what is 6 - -2346?
2355
In base 9, what is 1 + -510845?
-510844
In base